7 a factor of 439296935?
True
Does 4 divide 2878119?
False
Is 71599948 a multiple of 1966?
False
Is 223216216 a multiple of 8?
True
Does 580 divide 117537580?
True
Is 1526 a factor of 24744881?
False
Is 106 a factor of 110746680?
True
Is 1230 a factor of 123363889?
False
Is 167 a factor of 416683389?
False
Is 97 a factor of 23640920?
False
Is 921947450 a multiple of 3071?
False
Is 140185680 a multiple of 12?
True
Does 6509 divide 660936878?
True
Is 535 a factor of 418328087?
False
Is 418 a factor of 29684999?
False
Is 416 a factor of 31890976?
True
Is 5283 a factor of 228885975?
True
Does 5 divide 4268309?
False
Is 64498140 a multiple of 84?
True
Does 682 divide 379604935?
False
Does 123 divide 19412106?
True
Does 252 divide 63152208?
True
Is 985483544 a multiple of 8?
True
Is 31 a factor of 81927836?
False
Is 16 a factor of 107909165?
False
Is 4888727 a multiple of 119?
False
Is 4406171834 a multiple of 210?
False
Is 3114456933 a multiple of 5117?
True
Is 10206563 a multiple of 45?
False
Is 1531 a factor of 22468355?
False
Does 108 divide 26744637?
False
Does 56 divide 30012677?
False
Is 154425437 a multiple of 18?
False
Is 4 a factor of 84114996?
True
Does 68 divide 174953436?
False
Does 6903 divide 809121339?
True
Does 19 divide 8194614?
False
Does 241 divide 48892875?
True
Is 159 a factor of 1690857675?
True
Is 139 a factor of 308349399?
True
Does 246 divide 69888354?
True
Is 21662358 a multiple of 441?
False
Does 5373 divide 369974034?
True
Does 99 divide 113265603?
True
Is 24467310 a multiple of 1278?
True
Does 1141 divide 54514698?
True
Does 1505 divide 67354770?
True
Is 3832436129 a multiple of 13?
False
Does 23 divide 171491981?
False
Does 530 divide 16364810?
True
Does 610 divide 40865705?
False
Does 8763 divide 493277443?
False
Is 136180 a multiple of 4?
True
Does 1085 divide 251202535?
False
Is 238131183 a multiple of 113?
False
Does 254 divide 1937496506?
True
Is 193 a factor of 1615266076?
False
Does 26 divide 731758225?
False
Is 14313698 a multiple of 34?
False
Is 91540916 a multiple of 16?
False
Is 637 a factor of 51584260?
True
Is 14908146 a multiple of 87?
True
Is 111287701 a multiple of 1166?
False
Is 378419676 a multiple of 566?
True
Is 2508294935 a multiple of 7263?
False
Does 524 divide 77915903?
False
Does 167 divide 124466770?
True
Is 1220000600 a multiple of 29?
False
Does 2637 divide 760090126?
False
Does 2652 divide 58783315?
False
Is 77354145 a multiple of 5115?
True
Is 6 a factor of 666447374?
False
Is 20 a factor of 108216834?
False
Is 1027869780 a multiple of 5628?
True
Is 5 a factor of 40005965?
True
Does 732 divide 43090750?
False
Does 101 divide 37425348?
True
Is 2103981957 a multiple of 14?
False
Is 2072427149 a multiple of 13?
True
Is 549355 a multiple of 67?
False
Does 17 divide 9798290?
True
Does 11 divide 79612192?
True
Is 11740 a factor of 1178531640?
True
Is 2444550859 a multiple of 10?
False
Is 3482 a factor of 559893436?
False
Does 637 divide 490369590?
False
Does 56 divide 72492603?
False
Is 503141858 a multiple of 3?
False
Does 966 divide 65373084?
True
Does 290 divide 22452082?
False
Does 966 divide 1966776?
True
Is 632 a factor of 47222408?
True
Does 263 divide 30915650?
True
Is 107266522 a multiple of 1782?
False
Is 27236975 a multiple of 25?
True
Does 2 divide 92950170?
True
Does 8 divide 28741852?
False
Does 26 divide 64096139?
False
Is 31752173 a multiple of 16?
False
Is 44 a factor of 2552484?
True
Is 111 a factor of 366268067?
False
Is 424699100 a multiple of 2492?
True
Does 167 divide 84640210?
False
Does 4 divide 493919546?
False
Does 861 divide 85767549?
False
Is 976980067 a multiple of 14?
False
Is 47957499 a multiple of 34?
False
Is 13072304 a multiple of 133?
True
Does 3083 divide 124679603?
True
Is 3 a factor of 9322510?
False
Does 1897 divide 53239305?
True
Does 21 divide 437639559?
True
Does 29 divide 99306556?
True
Is 125147309 even?
False
Is 5 a factor of 12751273?
False
Is 2520 a factor of 1565340840?
True
Is 53 a factor of 66579764?
False
Is 2234 a factor of 9456522?
True
Does 5 divide 2604128667?
False
Is 1442407145 a multiple of 21?
False
Does 211 divide 39995894?
True
Is 2363417 a multiple of 49?
True
Is 112463540 a multiple of 9?
False
Does 9 divide 94021158?
False
Is 746120320 a multiple of 10?
True
Is 61 a factor of 595910281?
True
Is 1042559712 a multiple of 981?
True
Is 285626575 a multiple of 52?
False
Is 3203481455 a multiple of 1385?
True
Is 21137456 a multiple of 14?
False
Does 97 divide 147394313?
True
Does 41 divide 626249908?
True
Is 8 a factor of 92385080?
True
Is 92613163 a multiple of 48?
False
Is 248930998 a multiple of 292?
False
Does 1318 divide 183416834?
True
Is 1046 a factor of 309526489?
False
Is 16422257 a multiple of 8?
False
Does 16 divide 14238784?
True
Is 3764711497 a multiple of 15?
False
Is 48 a factor of 10444303?
False
Does 46 divide 11260892?
True
Does 5 divide 227492634?
False
Is 21483873 a multiple of 27?
True
Is 1385 a factor of 34990065?
False
Is 250 a factor of 10928296?
False
Does 127 divide 131066667?
True
Is 9705804 a multiple of 15?
False
Does 225 divide 9829095?
False
Is 1328 a factor of 116395216?
True
Is 27931088 a multiple of 16?
True
Does 435 divide 16625265?
True
Does 20 divide 326569002?
False
Is 138 a factor of 7383000?
True
Is 609930965 a multiple of 204?
False
Is 2 a factor of 6287077?
False
Is 29792139 a multiple of 644?
False
Is 771 a factor of 39810585?
True
Is 1049055030 a multiple of 270?
True
Does 918 divide 37615968?
True
Is 85596474 a multiple of 997?
False
Is 445 a factor of 40486029?
False
Is 5348 a factor of 79135089?
False
Is 516 a factor of 41230464?
True
Does 579 divide 63812324?
False
Is 14 a factor of 4275935468?
True
Does 34 divide 138420732?
True
Does 4203 divide 4372148?
False
Does 2766 divide 761111922?
True
Is 413 a factor of 261297666?
True
Does 160 divide 1765958400?
True
Does 106 divide 422594782?
False
Does 21 divide 146876055?
False
Is 124847866 a multiple of 13?
True
Is 1186942300 a multiple of 2438?
False
Does 1067 divide 985360629?
True
Is 19 a factor of 108626002?
True
Is 3408853 a multiple of 713?
True
Is 154 a factor of 108367336?
True
Is 24806751 a multiple of 2627?
False
Does 8 divide 14259176?
True
Is 186486549 a multiple of 1887?
True
Is 1146 a factor of 234239468?
False
Does 28 divide 3035087104?
True
Is 328 a factor of 258861864?
True
Is 390 a factor of 255068970?
True
Is 74 a factor of 87293613?
False
Does 607 divide 7309494?
True
Is 199265050 a multiple of 710?
True
Is 17 a factor of 82296983?
True
Is 12 a factor of 193872540?
True
Is 216283129 a multiple of 5749?
True
Is 26 a factor of 369039482?
False
Is 78604393 a multiple of 354?
False
Does 755 divide 25373285?
True
Is 772833066 a multiple of 1462?
False
Is 51412075 a multiple of 197?
True
Is 61474692 a multiple of 12?
True
Is 864 a factor of 216683424?
True
Does 219 divide 8713749?
False
Is 3601061890 a multiple of 4018?
False
Is 29799097 a multiple of 32?
False
Is 77981854 a multiple of 3335?
False
Is 7 a factor of 48979749?
True
Does 200 divide 32275672?
False
Is 652135980 a multiple of 68?
True
Does 17 divide 5100764?
False
Is 5279760 a multiple of 114?
False
Does 202 divide 4167221418?
True
Is 1477211386 a multiple of 23?
True
Is 235910930 a multiple of 4076?
False
Does 14 divide 216723626?
True
Is 1085 a factor of 27498240?
True
Is 257079120 a multiple of 456?
True
Is 3024 a factor of 376908336?
True
Does 2 divide 9952694?
True
Is 72514294 a multiple of 14?
False
Does 9 divide 129345498?
True
Does 483 divide 2189181561?
True
Is 94637716 a multiple of 289?
False
Does 6200 divide 155812200?
True
Does 17 divide 535258515?
True
Does 6809 divide 1580743395?
True
Is 774167588 a multiple of 18?
False
Does 107 divide 2549054687?
True
Is 5142501 a multiple of 1127?
True
Is 389704176 a multiple of 20?
False
Is 923943580 a multiple of 644?
True
Is 77548590 a multiple of 63?
True
Does 8252 divide 657839508?
False
Is 10 a factor of 269333621?
False
Does 51 divide 34462281?
True
Is 722 a factor of 1781830503?
False
Is 117 a factor of 189255339?
True
Does 11 divide 2281420?
False
Is 32758677 a multiple of 10?
False
Is 15 a factor of 87870480?
True
Is 18 a factor of 351023041?
False
Is 476 a factor of 17219776?
True
Does 2 divide 1085071